{"id":61,"date":"2025-09-29T21:11:09","date_gmt":"2025-09-29T19:11:09","guid":{"rendered":"https:\/\/project-care-halle.de\/?page_id=61"},"modified":"2025-12-02T20:18:22","modified_gmt":"2025-12-02T19:18:22","slug":"wer-wir-sind","status":"publish","type":"page","link":"https:\/\/project-care-halle.de\/index.php\/wer-wir-sind\/","title":{"rendered":"Wer wir sind"},"content":{"rendered":"\t\t<div data-elementor-type=\"wp-page\" data-elementor-id=\"61\" class=\"elementor elementor-61\" data-elementor-post-type=\"page\">\n\t\t\t\t<div class=\"elementor-element elementor-element-5636f2b e-con-full e-flex e-con e-parent\" data-id=\"5636f2b\" data-element_type=\"container\" data-e-type=\"container\">\n\t\t<div class=\"elementor-element elementor-element-74ba293 e-con-full e-flex e-con e-child\" data-id=\"74ba293\" data-element_type=\"container\" data-e-type=\"container\">\n\t\t\t\t<div class=\"elementor-element elementor-element-8c6ffae elementor-hidden-tablet elementor-hidden-mobile elementor-widget elementor-widget-heading\" data-id=\"8c6ffae\" data-element_type=\"widget\" data-e-type=\"widget\" data-widget_type=\"heading.default\">\n\t\t\t\t\t<h1 class=\"elementor-heading-title elementor-size-default\">Wer wir sind<\/h1>\t\t\t\t<\/div>\n\t\t\t\t<div class=\"elementor-element elementor-element-c1fc596 elementor-widget elementor-widget-heading\" data-id=\"c1fc596\" data-element_type=\"widget\" data-e-type=\"widget\" data-widget_type=\"heading.default\">\n\t\t\t\t\t<h2 class=\"elementor-heading-title elementor-size-default\">Wer wir sind<\/h2>\t\t\t\t<\/div>\n\t\t\t\t<div class=\"elementor-element elementor-element-d25f581 elementor-widget elementor-widget-text-editor\" data-id=\"d25f581\" data-element_type=\"widget\" data-e-type=\"widget\" data-widget_type=\"text-editor.default\">\n\t\t\t\t\t\t\t\t\t<p>Project Care Halle e.V. ist eine internationale gemeinn\u00fctzige Organisation, die sich leidenschaftlich f\u00fcr die Verbesserung der Lebensbedingungen von Kindern aus benachteiligten Familien in \u00c4thiopien und Nigeria einsetzt. Wir werden von einem engagierten Team von Fachleuten mit Sitz in Deutschland und Verbindungen zu diesen Regionen geleitet. Unser Ziel ist es, Kinder durch rechtzeitige und zielgerichtete finanzielle Unterst\u00fctzung zu st\u00e4rken. Unser Fokus liegt darauf, den Zugang zu grundlegender Bildung und wesentlichen F\u00e4higkeiten zu erleichtern, damit diese Kinder eine bessere Zukunft aufbauen k\u00f6nnen.<\/p>\t\t\t\t\t\t\t\t<\/div>\n\t\t\t\t<\/div>\n\t\t\t\t<\/div>\n\t\t<div class=\"elementor-element elementor-element-bd4b810 e-con-full e-flex e-con e-parent\" data-id=\"bd4b810\" data-element_type=\"container\" data-e-type=\"container\">\n\t\t<div class=\"elementor-element elementor-element-d7bd711 e-con-full e-flex e-con e-child\" data-id=\"d7bd711\" data-element_type=\"container\" data-e-type=\"container\" data-settings=\"{&quot;background_background&quot;:&quot;classic&quot;}\">\n\t\t<div class=\"elementor-element elementor-element-d69ea58 e-con-full e-flex e-con e-child\" data-id=\"d69ea58\" data-element_type=\"container\" data-e-type=\"container\">\n\t\t\t\t<div class=\"elementor-element elementor-element-6430161 elementor-widget elementor-widget-heading\" data-id=\"6430161\" data-element_type=\"widget\" data-e-type=\"widget\" data-widget_type=\"heading.default\">\n\t\t\t\t\t<h2 class=\"elementor-heading-title elementor-size-default\">Unsere Werte<\/h2>\t\t\t\t<\/div>\n\t\t\t\t<\/div>\n\t\t<div class=\"elementor-element elementor-element-8bd1867 e-con-full e-flex e-con e-child\" data-id=\"8bd1867\" data-element_type=\"container\" data-e-type=\"container\">\n\t\t<div class=\"elementor-element elementor-element-4528135 e-con-full e-flex e-con e-child\" data-id=\"4528135\" data-element_type=\"container\" data-e-type=\"container\">\n\t\t\t\t<div class=\"elementor-element elementor-element-922e671 elementor-widget elementor-widget-heading\" data-id=\"922e671\" data-element_type=\"widget\" data-e-type=\"widget\" data-widget_type=\"heading.default\">\n\t\t\t\t\t<h5 class=\"elementor-heading-title elementor-size-default\">Empathie<\/h5>\t\t\t\t<\/div>\n\t\t\t\t<div class=\"elementor-element elementor-element-5a2fa79 elementor-widget elementor-widget-heading\" data-id=\"5a2fa79\" data-element_type=\"widget\" data-e-type=\"widget\" data-widget_type=\"heading.default\">\n\t\t\t\t\t<h5 class=\"elementor-heading-title elementor-size-default\">Verantwortung<\/h5>\t\t\t\t<\/div>\n\t\t\t\t<div class=\"elementor-element elementor-element-d73fc49 elementor-widget elementor-widget-heading\" data-id=\"d73fc49\" data-element_type=\"widget\" data-e-type=\"widget\" data-widget_type=\"heading.default\">\n\t\t\t\t\t<h5 class=\"elementor-heading-title elementor-size-default\">Resilienz<\/h5>\t\t\t\t<\/div>\n\t\t\t\t<div class=\"elementor-element elementor-element-e83c371 elementor-widget elementor-widget-heading\" data-id=\"e83c371\" data-element_type=\"widget\" data-e-type=\"widget\" data-widget_type=\"heading.default\">\n\t\t\t\t\t<h5 class=\"elementor-heading-title elementor-size-default\">Neutralit\u00e4t<\/h5>\t\t\t\t<\/div>\n\t\t\t\t<\/div>\n\t\t\t\t<\/div>\n\t\t\t\t<\/div>\n\t\t\t\t<\/div>\n\t\t<div class=\"elementor-element elementor-element-6c2de7f e-con-full e-flex e-con e-parent\" data-id=\"6c2de7f\" data-element_type=\"container\" data-e-type=\"container\">\n\t\t<div class=\"elementor-element elementor-element-a26243c e-con-full e-flex e-con e-child\" data-id=\"a26243c\" data-element_type=\"container\" data-e-type=\"container\">\n\t\t\t\t<div class=\"elementor-element elementor-element-bb5655a elementor-widget elementor-widget-text-editor\" data-id=\"bb5655a\" data-element_type=\"widget\" data-e-type=\"widget\" data-widget_type=\"text-editor.default\">\n\t\t\t\t\t\t\t\t\t<p>Wir laden Sie ein, mit uns zusammenzuarbeiten \u2013 sei es durch finanzielle Unterst\u00fctzung oder im Gebet. Gemeinsam k\u00f6nnen wir auf mehr M\u00f6glichkeiten und offene T\u00fcren hoffen, um diesen Kindern Hoffnung und ein L\u00e4cheln zu schenken.<\/p>\t\t\t\t\t\t\t\t<\/div>\n\t\t\t\t<div class=\"elementor-element elementor-element-1ec6484 elementor-widget elementor-widget-image\" data-id=\"1ec6484\" data-element_type=\"widget\" data-e-type=\"widget\" data-widget_type=\"image.default\">\n\t\t\t\t\t\t\t\t\t\t\t\t<figure class=\"wp-caption\">\n\t\t\t\t\t\t\t\t\t\t<img fetchpriority=\"high\" decoding=\"async\" width=\"800\" height=\"530\" src=\"https:\/\/project-care-halle.de\/wp-content\/uploads\/2025\/09\/abubakar-balogun-OlJk99PX0Os-unsplash-1024x678.jpg\" class=\"attachment-large size-large wp-image-64\" alt=\"\" srcset=\"https:\/\/project-care-halle.de\/wp-content\/uploads\/2025\/09\/abubakar-balogun-OlJk99PX0Os-unsplash-1024x678.jpg 1024w, https:\/\/project-care-halle.de\/wp-content\/uploads\/2025\/09\/abubakar-balogun-OlJk99PX0Os-unsplash-300x199.jpg 300w, https:\/\/project-care-halle.de\/wp-content\/uploads\/2025\/09\/abubakar-balogun-OlJk99PX0Os-unsplash-768x509.jpg 768w, https:\/\/project-care-halle.de\/wp-content\/uploads\/2025\/09\/abubakar-balogun-OlJk99PX0Os-unsplash-1536x1017.jpg 1536w, https:\/\/project-care-halle.de\/wp-content\/uploads\/2025\/09\/abubakar-balogun-OlJk99PX0Os-unsplash-2048x1356.jpg 2048w\" sizes=\"(max-width: 800px) 100vw, 800px\" \/>\t\t\t\t\t\t\t\t\t\t\t<figcaption class=\"widget-image-caption wp-caption-text\">Foto: Abubakar Balogun (unsplash.com)<\/figcaption>\n\t\t\t\t\t\t\t\t\t\t<\/figure>\n\t\t\t\t\t\t\t\t\t<\/div>\n\t\t\t\t<\/div>\n\t\t\t\t<\/div>\n\t\t\t\t<\/div>\n\t\t","protected":false},"excerpt":{"rendered":"<p>Wer wir sind Wer wir sind Project Care Halle e.V. ist eine internationale gemeinn\u00fctzige Organisation, die sich leidenschaftlich f\u00fcr die Verbesserung der Lebensbedingungen von Kindern aus benachteiligten Familien in \u00c4thiopien und Nigeria einsetzt. Wir werden von einem engagierten Team von Fachleuten mit Sitz in Deutschland und Verbindungen zu diesen Regionen geleitet. Unser Ziel ist es, [&hellip;]<\/p>\n","protected":false},"author":2,"featured_media":0,"parent":0,"menu_order":0,"comment_status":"closed","ping_status":"closed","template":"elementor_header_footer","meta":{"footnotes":""},"class_list":["post-61","page","type-page","status-publish","hentry"],"_links":{"self":[{"href":"https:\/\/project-care-halle.de\/index.php\/wp-json\/wp\/v2\/pages\/61","targetHints":{"allow":["GET"]}}],"collection":[{"href":"https:\/\/project-care-halle.de\/index.php\/wp-json\/wp\/v2\/pages"}],"about":[{"href":"https:\/\/project-care-halle.de\/index.php\/wp-json\/wp\/v2\/types\/page"}],"author":[{"embeddable":true,"href":"https:\/\/project-care-halle.de\/index.php\/wp-json\/wp\/v2\/users\/2"}],"replies":[{"embeddable":true,"href":"https:\/\/project-care-halle.de\/index.php\/wp-json\/wp\/v2\/comments?post=61"}],"version-history":[{"count":25,"href":"https:\/\/project-care-halle.de\/index.php\/wp-json\/wp\/v2\/pages\/61\/revisions"}],"predecessor-version":[{"id":414,"href":"https:\/\/project-care-halle.de\/index.php\/wp-json\/wp\/v2\/pages\/61\/revisions\/414"}],"wp:attachment":[{"href":"https:\/\/project-care-halle.de\/index.php\/wp-json\/wp\/v2\/media?parent=61"}],"curies":[{"name":"wp","href":"https:\/\/api.w.org\/{rel}","templated":true}]}}